the prime factors of 89469293.
37, 673, 3593
What are the prime factors of 53575328?
2, 107, 15647
List the prime factors of 834678337.
24527, 34031
List the prime factors of 618295301.
13, 103, 277, 1667
List the prime factors of 664654177.
11, 709, 85223
List the prime factors of 181096568.
2, 22637071
List the prime factors of 88131354.
2, 3, 23, 638633
What are the prime factors of 1925212071?
3, 163, 3937039
List the prime factors of 1424287476.
2, 3, 4395949
List the prime factors of 3127948.
2, 781987
What are the prime factors of 49654003?
7, 29, 83, 421
List the prime factors of 1457381428.
2, 29, 461, 27253
List the prime factors of 28810462.
2, 83, 197, 881
List the prime factors of 1628138380.
2, 5, 11, 37, 200017
What are the prime factors of 37634751?
3, 7, 11, 4937
List the prime factors of 282724781.
282724781
List the prime factors of 254088374.
2, 109, 199, 5857
What are the prime factors of 112878455?
5, 22575691
List the prime factors of 11262604.
2, 199, 14149
What are the prime factors of 830140900?
2, 5, 619, 13411
List the prime factors of 109062646.
2, 7, 11, 708199
What are the prime factors of 454939841?
454939841
List the prime factors of 978634952.
2, 307, 398467
List the prime factors of 886492405.
5, 19, 59, 158161
List the prime factors of 1852879611.
3, 11, 56147867
List the prime factors of 238487541.
3, 47, 1691401
What are the prime factors of 83684669?
137, 610837
List the prime factors of 119861364.
2, 3, 7, 577, 2473
What are the prime factors of 136168035?
3, 5, 9077869
What are the prime factors of 337103781?
3, 7, 37, 61979
List the prime factors of 1841522423.
13, 317, 446863
List the prime factors of 6330110.
2, 5, 59, 10729
What are the prime factors of 2413109490?
2, 3, 5, 11, 7312453
List the prime factors of 118186852.
2, 7, 1451, 2909
What are the prime factors of 1735899298?
2, 7, 59, 191, 11003
What are the prime factors of 5725184848?
2, 167, 2142659
What are the prime factors of 57948684?
2, 3, 23, 209959
What are the prime factors of 48708268?
2, 7, 1739581
List the prime factors of 804292195.
5, 7, 2447, 9391
List the prime factors of 46225205.
5, 13, 47, 15131
List the prime factors of 380652382.
2, 11, 2063, 8387
What are the prime factors of 73759679?
7, 10537097
List the prime factors of 3478211966.
2, 31, 997, 56269
List the prime factors of 1485791497.
41, 36238817
List the prime factors of 62804488.
2, 29, 270709
List the prime factors of 78507432.
2, 3, 1090381
What are the prime factors of 786403694?
2, 43, 9144229
List the prime factors of 77226187.
257, 300491
List the prime factors of 16961602.
2, 7, 1211543
What are the prime factors of 887548611?
3, 47, 6294671
What are the prime factors of 706666460?
2, 5, 35333323
What are the prime factors of 3179504839?
7, 43, 577, 18307
What are the prime factors of 399871001?
399871001
What are the prime factors of 4337159104?
2, 67768111
What are the prime factors of 23970430?
2, 5, 11, 359, 607
What are the prime factors of 15578388?
2, 3, 7, 61819
What are the prime factors of 4772117767?
19, 251164093
List the prime factors of 839320666.
2, 59, 7112887
List the prime factors of 4224160931.
4224160931
List the prime factors of 31748949.
3, 1175887
What are the prime factors of 5179074226?
2, 19, 7173233
List the prime factors of 19056915.
3, 5, 17, 29, 859
List the prime factors of 76877765.
5, 43, 357571
What are the prime factors of 529644402?
2, 3, 7, 4203527
What are the prime factors of 97669773?
3, 193, 18743
List the prime factors of 107217544.
2, 7, 541, 3539
What are the prime factors of 4381819597?
4381819597
What are the prime factors of 27332055?
3, 5, 167, 3637
What are the prime factors of 138886201?
1871, 74231
What are the prime factors of 18334869?
3, 7, 37, 3371
What are the prime factors of 622227126?
2, 3, 103704521
What are the prime factors of 562637608?
2, 13, 5409977
List the prime factors of 159981366.
2, 3, 26663561
List the prime factors of 1353792172.
2, 89, 3802787
List the prime factors of 157450701.
3, 19, 41, 89, 757
What are the prime factors of 1056385206?
2, 3, 59, 251, 1321
List the prime factors of 299609903.
8647, 34649
What are the prime factors of 332141864?
2, 41517733
What are the prime factors of 1270374189?
3, 7, 1553, 38953
List the prime factors of 128327661.
3, 7, 11, 185177
List the prime factors of 73066829.
11, 6642439
What are the prime factors of 38238393?
3, 19, 670849
List the prime factors of 29888618.
2, 17, 29, 30313
List the prime factors of 199164525.
3, 5, 7, 37, 10253
What are the prime factors of 396002936?
2, 7, 151, 46831
What are the prime factors of 31652192?
2, 11, 13, 6917
List the prime factors of 192891696.
2, 3, 73, 55049
List the prime factors of 118804513.
71, 229, 7307
What are the prime factors of 29766637?
557, 53441
What are the prime factors of 16467501?
3, 5489167
What are the prime factors of 1459840654?
2, 31, 61, 385997
What are the prime factors of 572834823?
3, 11, 3571, 4861
List the prime factors of 255825247.
255825247
List the prime factors of 147012544.
2, 7, 37, 181
What are the prime factors of 338027219?
29, 11656111
List the prime factors of 637845920.
2, 5, 3986537
What are the prime factors of 4751847440?
2, 5, 43, 773, 1787
What are the prime factors of 827097491?
11, 75190681
List the prime factors of 3388064802.
2, 3, 564677467
List the prime factors of 1768468994.
2, 71, 101, 123307
List the prime factors of 1401938155.
5, 29, 9668539
What are the prime factors of 3005713591?
47, 173, 369661
List the prime factors of 643204893.
3, 1381, 155251
What are the prime factors of 16622119?
179, 92861
List the prime factors of 653635779.
3, 217878593
What are the prime factors of 24797487?
3, 11, 13, 57803
What are the prime factors of 244401064?
2, 283, 107951
What are the prime factors of 52990908?
2, 3, 4415909
List the prime factors of 328771972.
2, 19, 431, 10037
List the prime factors of 250852854.
2, 3, 7, 853241
List the prime factors of 1864176626.
2, 13, 59, 1215239
List the prime factors of 60446270.
2, 5, 6044627
List the prime factors of 2824677400.
2, 5, 53, 266479
List the prime factors of 687254904.
2, 3, 7, 23, 101, 587
What are the prime factors of 200328674?
2, 7, 13, 79, 13933
List the prime factors of 21664496.
2, 7, 193433
List the prime factors of 4232878907.
4232878907
List the prime factors of 294444336.
2, 3, 6134257
List the prime factors of 188876241.
3, 20986249
What are the prime factors of 220273717?
139, 1584703
What are the prime factors of 1200827633?
431, 1229, 2267
List the prime factors of 45607129.
41, 1112369
What are the prime factors of 1593854001?
3, 53, 3341413
What are the prime factors of 87337736?
2, 1499, 7283
What are the prime factors of 309536401?
29, 10673669
List the prime factors of 1183102699.
181, 6536479
List the prime factors of 72053619.
3, 11, 233, 9371
What are the prime factors of 4583782526?
2, 601, 3813463
List the prime factors of 5599304350.
2, 5, 37, 281, 10771
List the prime factors of 39955649.
29, 1377781
List the prime factors of 37558577.
7, 31, 173081
List the prime factors of 403362959.
403362959
What are the prime factors of 41044030?
2, 5, 4104403
List the prime factors of 844678116.
2, 3, 17, 107, 12899
What are the prime factors of 35146603?
1471, 23893
What are the prime factors of 269616818?
2, 8147, 16547
List the prime factors of 1090594184.
2, 29, 4700837
List the prime factors of 1853917409.
1853917409
What are the prime factors of 233358953?
167, 1397359
What are the prime factors of 847813445?
5, 109, 257, 6053
What are the prime factors of 31698796?
2, 1013, 7823
What are the prime factors of 741703870?
2, 5, 74170387
What are the prime factors of 3811669?
3811669
List the prime factors of 475939755.
3, 5, 10576439
List the prime factors of 261060539.
71, 3676909
What are the prime factors of 4582817543?
4582817543
What are the prime factors of 630747436?
2, 11, 37, 387437
What are the prime factors of 129079747?
129079747
List the prime factors of 77668505.
5, 15533701
What are the prime factors of 37329989?
23, 29, 55967
List the prime factors of 24564216.
2, 3, 359, 2851
What are the prime factors of 36025572?
2, 3, 11, 43, 577
List the prime factors o